at is the hundred thousands digit of 3746981?
7
What is the tens digit of 1470763?
6
What is the ten thousands digit of 4063773?
6
What is the thousands digit of 388731?
8
What is the tens digit of 5905806?
0
What is the units digit of 139158?
8
What is the ten millions digit of 11492908?
1
What is the units digit of 505484?
4
What is the units digit of 13365103?
3
What is the ten thousands digit of 57672?
5
What is the tens digit of 767008?
0
What is the ten thousands digit of 9361637?
6
What is the ten thousands digit of 108492?
0
What is the ten thousands digit of 1496132?
9
What is the hundred thousands digit of 930210?
9
What is the hundred thousands digit of 805936?
8
What is the hundreds digit of 823953?
9
What is the tens digit of 1084118?
1
What is the units digit of 280497?
7
What is the tens digit of 148459?
5
What is the tens digit of 70889?
8
What is the thousands digit of 36391006?
1
What is the hundred thousands digit of 20841487?
8
What is the ten thousands digit of 61869?
6
What is the tens digit of 3653417?
1
What is the hundred thousands digit of 9803657?
8
What is the units digit of 29711?
1
What is the hundreds digit of 15507471?
4
What is the units digit of 562541?
1
What is the tens digit of 12212753?
5
What is the ten thousands digit of 675087?
7
What is the tens digit of 452326?
2
What is the hundreds digit of 63233?
2
What is the units digit of 20628?
8
What is the ten thousands digit of 215603?
1
What is the tens digit of 1427314?
1
What is the hundreds digit of 6498047?
0
What is the millions digit of 2663097?
2
What is the hundreds digit of 53203?
2
What is the hundred thousands digit of 1350755?
3
What is the hundreds digit of 1400995?
9
What is the thousands digit of 21736?
1
What is the thousands digit of 2052078?
2
What is the millions digit of 1576509?
1
What is the millions digit of 16359185?
6
What is the units digit of 2344074?
4
What is the hundred thousands digit of 465304?
4
What is the tens digit of 194111?
1
What is the tens digit of 689444?
4
What is the tens digit of 39441937?
3
What is the tens digit of 466588?
8
What is the hundreds digit of 51400?
4
What is the ten millions digit of 26193678?
2
What is the units digit of 724748?
8
What is the units digit of 9068791?
1
What is the tens digit of 57864?
6
What is the hundreds digit of 2332?
3
What is the ten thousands digit of 715295?
1
What is the thousands digit of 3513281?
3
What is the hundred thousands digit of 18665025?
6
What is the ten thousands digit of 7882756?
8
What is the tens digit of 1764843?
4
What is the hundreds digit of 1842905?
9
What is the units digit of 198645?
5
What is the units digit of 104629?
9
What is the millions digit of 1347284?
1
What is the hundreds digit of 433736?
7
What is the millions digit of 4038544?
4
What is the hundreds digit of 283612?
6
What is the thousands digit of 635998?
5
What is the hundreds digit of 1812588?
5
What is the units digit of 821063?
3
What is the thousands digit of 25540?
5
What is the units digit of 3096969?
9
What is the units digit of 73132?
2
What is the ten thousands digit of 936299?
3
What is the thousands digit of 481198?
1
What is the tens digit of 129106?
0
What is the hundreds digit of 27966437?
4
What is the ten thousands digit of 18649?
1
What is the hundreds digit of 1202360?
3
What is the thousands digit of 332890?
2
What is the thousands digit of 3525045?
5
What is the thousands digit of 1232093?
2
What is the units digit of 1049408?
8
What is the units digit of 29004?
4
What is the hundred thousands digit of 477436?
4
What is the units digit of 747592?
2
What is the hundreds digit of 10143687?
6
What is the ten thousands digit of 3120449?
2
What is the tens digit of 8863957?
5
What is the hundreds digit of 2846911?
9
What is the units digit of 468502?
2
What is the ten thousands digit of 21780057?
8
What is the units digit of 67047?
7
What is the ten thousands digit of 128061?
2
What is the thousands digit of 3243263?
3
What is the tens digit of 13237312?
1
What is the hundreds digit of 169433?
4
What is the hundreds digit of 1061107?
1
What is the tens digit of 4251999?
9
What is the thousands digit of 9794785?
4
What is the hundreds digit of 1196410?
4
What is the tens digit of 3159585?
8
What is the units digit of 2695227?
7
What is the ten thousands digit of 1199004?
9
What is the tens digit of 277326?
2
What is the ten thousands digit of 3008137?
0
What is the ten millions digit of 20424087?
2
What is the hundred thousands digit of 36816308?
8
What is the thousands digit of 1091428?
1
What is the ten thousands digit of 765695?
6
What is the tens digit of 686424?
2
What is the thousands digit of 619548?
9
What is the ten thousands digit of 9578901?
7
What is the hundred thousands digit of 547977?
5
What is the hundreds digit of 31296?
2
What is the millions digit of 7209746?
7
What is the units digit of 240178?
8
What is the hundreds digit of 234018?
0
What is the ten thousands digit of 63855?
6
What is the units digit of 960984?
4
What is the tens digit of 5676511?
1
What is the ten thousands digit of 4335357?
3
What is the thousands digit of 353410?
3
What is the thousands digit of 1178257?
8
What is the hundreds digit of 3047104?
1
What is the ten thousands digit of 5715362?
1
What is the tens digit of 1265362?
6
What is the hundred thousands digit of 18845747?
8
What is the thousands digit of 204205?
4
What is the thousands digit of 1982115?
2
What is the units digit of 139733?
3
What is the millions digit of 27863307?
7
What is the units digit of 691949?
9
What is the thousands digit of 1071054?
1
What is the thousands digit of 196819?
6
What is the tens digit of 1302619?
1
What is the tens digit of 2543971?
7
What is the thousands digit of 1152248?
2
What is the ten thousands digit of 2350705?
5
What is the units digit of 472369?
9
What is the hundreds digit of 101696?
6
What is the thousands digit of 16557344?
7
What is the units digit of 142102?
2
What is the units digit of 93863?
3
What is the hundreds digit of 12048411?
4
What is the thousands digit of 652373?
2
What is the ten thousands digit of 376514?
7
What is the tens digit of 1630444?
4
What is the tens digit of 980698?
9
What is the units digit of 32957331?
1
What is the units digit of 6221068?
8
What is the tens digit of 18498839?
3
What is the tens digit of 9350067?
6
What is the hundred thousands digit of 378443?
3
What is the millions digit of 2194313?
2
What is the tens digit of 31344?
4
What is the units digit of 1602852?
2
What is the hundred thousands digit of 1737220?
7
What is the hundreds digit of 1741125?
1
What is the hundreds digit of 1318404?
4
What is the ten thousands digit of 113773?
1
What is the tens digit of 556546?
4
What is the thousands digit of 8632974?
2
What is the ten thousands digit of 3334046?
3
What is the ten thousands digit of 3449500?
4
What is the hundreds digit of 13763225?
2
What is the hundreds digit of 742007?
0
What is the millions digit of 36025271?
6
What is the tens digit of 3106366?
6
What is the ten thousands digit of 328736?
2
What is the tens digit of 50194?
9
What is the units digit of 11366854?
4
What is the hundreds digit of 1531702?
7
What is the tens digit of 6310907?
0
What is the hundred thousands digit of 1120167?
1
What is the thousands digit of 3684854?
4
What is the tens digit of 366269?
6
What is the thousands digit of 10083867?
3
What is the units digit of 24129190?
0
What is the hundreds digit of 977794?
7
What is the tens digit of 12144454?
5
What is the thousands digit of 1958113?
8
What is the hundred thousands digit of 434807?
4
What is the ten thousands digit of 616171?
1
What is the hundreds digit of 374938?
9
What is the thousands digit of 38612?
8
What is the tens digit of 81245?
4
What is the ten thousands digit of 9599050?
9
What is the tens digit of 142657?
5
What is the hundred thousands digit of 5406755?
4
What is the millions digit of 4993223?
4
What is the units digit of 469111?
1
What is the hundred thousands digit of 36964400?
9
What is the units digit of 16851016?
6
What is the hundred thousands digit of 2985027?
9
What is the ten thousands digit of 294261?
9
What is the hundred thousands digit of 3306365?
3
What is th